alse
Is 368 a factor of 2556864?
True
Is 1054982828 a multiple of 16?
False
Does 39 divide 27968344?
False
Is 15974635 a multiple of 5?
True
Is 1167403632 a multiple of 3274?
True
Is 15879066 a multiple of 29?
True
Is 1155173 a multiple of 4?
False
Does 5 divide 17633470?
True
Is 196 a factor of 120476692?
True
Is 4311 a factor of 498640437?
True
Is 4471563 a multiple of 13?
False
Is 62 a factor of 16109398?
True
Does 1062 divide 97056080?
False
Is 128069966 a multiple of 2143?
True
Is 108 a factor of 52261740?
True
Is 95 a factor of 7930505?
True
Does 50 divide 12896381?
False
Is 38 a factor of 1767630382?
True
Does 11 divide 12682791?
True
Does 579 divide 9815978?
False
Is 4926548 a multiple of 966?
False
Does 15 divide 210617670?
True
Is 2 a factor of 13666918?
True
Does 32 divide 170097?
False
Does 182 divide 756717902?
False
Is 62783132 a multiple of 10?
False
Does 49 divide 1513330753?
False
Does 449 divide 9614456?
False
Does 304 divide 833161262?
False
Does 1337 divide 442170567?
False
Does 209 divide 22599026?
False
Is 18 a factor of 268832772?
True
Is 8 a factor of 167769419?
False
Does 207 divide 337969859?
False
Does 24 divide 4445641380?
False
Does 10 divide 57258221?
False
Is 562 a factor of 819889998?
True
Is 25568928 a multiple of 96?
True
Is 14436390 a multiple of 62?
True
Does 203 divide 183880648?
True
Is 24239204 a multiple of 61?
True
Is 311659149 a multiple of 124?
False
Does 1883 divide 1911197925?
True
Is 6 a factor of 2164953654?
True
Is 3 a factor of 546805759?
False
Does 732 divide 201876074?
False
Does 12 divide 434990070?
False
Is 146 a factor of 7787197?
False
Does 47 divide 4793525958?
True
Is 124921294 a multiple of 1083?
False
Does 3463 divide 2073654665?
False
Does 29 divide 49422318?
False
Does 737 divide 36966443?
False
Does 1735 divide 80368670?
True
Does 7 divide 132602189?
False
Does 957 divide 469238874?
False
Does 1091 divide 21356325?
True
Does 52 divide 44961280?
True
Does 3 divide 3565083?
True
Is 21118788 a multiple of 12?
True
Does 36 divide 417742805?
False
Is 4874637288 a multiple of 298?
False
Is 1315 a factor of 34698905?
True
Is 271 a factor of 80496756?
True
Does 1918 divide 26922966?
True
Does 250 divide 137417000?
True
Is 10573 a factor of 3199907877?
True
Is 507 a factor of 712928045?
False
Does 504 divide 77279832?
True
Is 121 a factor of 88486929?
False
Is 15 a factor of 30421810?
False
Is 10713127 a multiple of 304?
False
Does 2225 divide 33461775?
True
Does 8679 divide 1370699019?
False
Is 730184 a multiple of 52?
True
Is 288038377 a multiple of 75?
False
Does 673 divide 4087802?
True
Is 17505600 a multiple of 105?
True
Does 909 divide 184910248?
False
Does 3 divide 10376262?
True
Does 8 divide 21440323?
False
Is 2207795744 a multiple of 152?
True
Does 552 divide 11170578?
False
Does 511 divide 2603698811?
True
Is 56 a factor of 175465451?
False
Is 365605351 a multiple of 223?
False
Is 128300756 a multiple of 1073?
True
Does 4636 divide 1160381528?
True
Is 608 a factor of 27596512?
True
Is 22 a factor of 126971415?
False
Is 5727 a factor of 4560476278?
False
Does 120 divide 7545240?
True
Does 1367 divide 67544837?
True
Is 1798 a factor of 18244629?
False
Does 256 divide 72337408?
True
Is 18058614 a multiple of 14?
True
Is 56977332 a multiple of 202?
True
Is 21278459 a multiple of 1520?
False
Is 8580754 a multiple of 91?
True
Is 379 a factor of 7292692?
False
Is 513661967 a multiple of 127?
False
Is 43 a factor of 366108364?
True
Is 1849 a factor of 4355214107?
True
Is 39796041 a multiple of 363?
False
Is 1163390836 a multiple of 479?
False
Does 2754 divide 649280286?
True
Is 19402852 a multiple of 131?
False
Is 280 a factor of 27130040?
True
Does 962 divide 115324375?
False
Does 2371 divide 196768650?
False
Is 287857648 a multiple of 104?
True
Does 585 divide 1834681323?
False
Is 164 a factor of 62032170?
False
Is 173567585 a multiple of 3167?
False
Does 104 divide 16080688?
True
Is 6 a factor of 671061?
False
Is 464 a factor of 428874736?
True
Does 36 divide 12066776?
False
Is 559941 a multiple of 7?
False
Does 71 divide 85380624?
True
Is 68865014 a multiple of 74?
False
Is 169015968 a multiple of 341?
True
Is 115003872 a multiple of 9?
True
Does 33 divide 2926381992?
False
Is 186618835 a multiple of 646?
False
Does 248 divide 961062744?
True
Does 15 divide 794599305?
True
Does 1419 divide 76546536?
True
Is 656 a factor of 1831468?
False
Is 1164202300 a multiple of 1910?
True
Does 11035 divide 1809442055?
True
Is 127779001 a multiple of 6?
False
Is 94723552 a multiple of 88?
True
Is 25 a factor of 38923570?
False
Does 243 divide 49775076?
False
Is 1696 a factor of 3262347584?
True
Is 30024490 a multiple of 371?
False
Is 266164255 a multiple of 35?
True
Is 1163 a factor of 2036514181?
True
Does 99 divide 3096789102?
True
Is 498 a factor of 81661706?
False
Is 4 a factor of 16191695?
False
Is 8716105 a multiple of 462?
False
Is 2854944378 a multiple of 169?
True
Does 15 divide 288566603?
False
Is 641 a factor of 4686351?
True
Does 8 divide 1374224?
True
Is 91 a factor of 738178168?
True
Does 406 divide 1151514658?
True
Is 1557 a factor of 42931132?
False
Is 1303387168 a multiple of 662?
False
Is 19583145 a multiple of 15?
True
Is 627471709 a multiple of 18?
False
Is 8 a factor of 20521056?
True
Is 226780231 a multiple of 1166?
False
Does 5 divide 859525740?
True
Does 4 divide 11130301?
False
Is 145973562 a multiple of 86?
True
Does 828 divide 62195220?
True
Does 456 divide 338441712?
False
Is 61 a factor of 5817915?
False
Is 131873494 a multiple of 1715?
False
Is 3261024 a multiple of 169?
True
Is 5030 a factor of 304309970?
True
Is 17 a factor of 3014498840?
False
Is 265465584 a multiple of 12?
True
Is 1109750 a multiple of 50?
True
Does 395 divide 213602119?
False
Is 274638635 a multiple of 452?
False
Is 299363424 a multiple of 16?
True
Does 8582 divide 1505003564?
False
Is 3 a factor of 14845952?
False
Is 817581773 a multiple of 2241?
False
Is 4 a factor of 489267?
False
Is 2980386 a multiple of 4?
False
Is 11 a factor of 8563402?
False
Is 10 a factor of 2747321810?
True
Is 19591303 a multiple of 35?
False
Does 46 divide 65761695?
False
Is 6 a factor of 71118829?
False
Is 2762577 a multiple of 114?
False
Is 94 a factor of 2231979522?
True
Is 346 a factor of 41751474?
True
Does 2719 divide 124441469?
False
Does 5 divide 15483095?
True
Is 2297837997 a multiple of 49?
True
Is 89675517 a multiple of 809?
False
Is 214028200 a multiple of 1214?
True
Does 1438 divide 41893254?
True
Is 484951584 a multiple of 39?
True
Does 2194 divide 168650586?
True
Is 59 a factor of 19407534?
False
Is 15784834 a multiple of 15?
False
Is 4030665065 a multiple of 105?
False
Is 616 a factor of 4851051508?
False
Is 849394782 a multiple of 4?
False
Is 103046812 a multiple of 2684?
True
Is 4229539 a multiple of 512?
False
Does 26 divide 1718812186?
True
Is 55149869 a multiple of 16?
False
Does 44 divide 1600194931?
False
Does 26 divide 15767524?
False
Is 389 a factor of 152025130?
False
Is 190 a factor of 1356083390?
True
Does 128 divide 645909504?
True
Is 302544250 a multiple of 276?
False
Does 11 divide 1380973286?
True
Is 981 a factor of 281758968?
False
Is 321 a factor of 169432146?
True
Is 107 a factor of 770828215?
False
Is 998355 a multiple of 31?
True
Is 85923319 a multiple of 61?
True
Is 2026038276 a multiple of 18?
True
Is 11 a factor of 2487143956?
True
Is 205582370 a multiple of 2186?
True
Is 3904 a factor of 2354549248?
True
Is 490 a factor of 2102811?
False
Is 83027710 a multiple of 122?
True
Does 4 divide 1155230140?
True
Does 108 divide 2655720?
True
Is 887 a factor of 35494192?
True
Is 6889663 a multiple of 3?
False
Is 28 a factor of 202696424?
True
Does 16 divide 14952688?
True
Does 2528 divide 44454880?
True
Is 51 a factor of 6633621?
True
Is 1775841243 a multiple of 7851?
True
Is 477855522 a multiple of 280?
False
Is 105399852 a multiple of 3?
True
Is 12 a factor of 16649931?
False
Is 8 a factor of 14952061?
False
Does 2 divide 667020?
True
Is 61642023 a multiple of 1653?
True
Is 3557 a factor of 383099571?
True
Is 515183372 a multiple of 22?
True
Does 257 divide 1053008670?
True
Is 104 a factor of 4452503?
False
Is 3121202295 a multiple of 5301?
True
Is 37695669 a multiple of 3?
True
Is 